/(-4572)). What is the greatest common divisor of b and 9?
9
Suppose 0 = -w - w + 430. Suppose -3*y + 2*u + 3*u + w = 0, -72 = -y + 2*u. What is the greatest common factor of y and 10?
10
Suppose 0*n - 5*n - 5*q + 110 = 0, 110 = 5*n - 5*q. Suppose -i + v = 1 - n, -i = -5*v - 37. Calculate the greatest common factor of i and 136.
17
Suppose -175 = 5*w - 205. What is the highest common factor of w and 174?
6
Let u(l) be the first derivative of 7*l**3/3 + 2*l**2 + 12*l + 26. Let v be u(-4). What is the highest common divisor of v and 270?
54
Let u = 1067 - 1021. What is the highest common divisor of u and 943?
23
Let k be ((-55)/(-22))/((-1)/(-140)). What is the highest common factor of 28 and k?
14
Suppose 0 = 3*w - 631 - 1382. Calculate the greatest common divisor of 11 and w.
11
Suppose 2*z + 8 = 0, -5*r = -2*z - 24 - 49. What is the highest common divisor of 416 and r?
13
Let t(f) = -f**2 + f + 3. Let b be t(0). Let r be b - 3/(18/(-282)). Calculate the greatest common factor of r and 10.
10
Suppose 3*n = 3*l + 891, -n + 392 - 77 = 5*l. What is the highest common factor of 50 and n?
50
Let v = 203 + -199. Calculate the greatest common divisor of 2 and v.
2
Let x = 444 + -294. What is the highest common factor of x and 30?
30
Let j be 39/78 - (658/(-4) + 0). Suppose -20 = 4*g - 80. Calculate the highest common divisor of g and j.
15
Let n(y) = y**3 + 11*y**2 + 20. Let q be n(-11). Calculate the greatest common divisor of 320 and q.
20
Suppose 83 = 4*n - o, 2*n = 5*n + 3*o - 81. What is the highest common factor of n and 143?
11
Let p(f) = -f**3 + 3*f**2 + 17*f - 3. Let h be p(-9). What is the highest common factor of 12 and h?
12
Let o = 642 - 640. Calculate the highest common factor of o and 2.
2
Let r(a) = 3*a + 3. Let u be r(4). Let k = 121 - 111. Calculate the greatest common factor of u and k.
5
Suppose 51*k + 822 = 54*k - 2*d, -d + 1107 = 4*k. Calculate the highest common divisor of k and 12.
12
Suppose 15 = 3*d - 0*d. Let g be (-1)/(-3) - 20/(-30). Suppose 0 = 2*w - 4*r - 12, -2*w - d*r - 7 + g = 0. Calculate the greatest common divisor of w and 4.
2
Let z = 205 - 110. What is the greatest common factor of 266 and z?
19
Let w(r) = 1791*r + 15. Let g be w(1). What is the highest common factor of g and 86?
86
Let a be (0 - -2) + 1 + 1. Let j be a/10 + 24/15. Suppose j*v - 57 = 3*y, -12 = 4*y + 8. What is the greatest common divisor of v and 3?
3
Suppose -204 = 12*q - 492. Calculate the greatest common divisor of 344 and q.
8
Suppose 0 = -18*o + 17*o + 4*i + 48, -96 = -2*o - i. Calculate the highest common factor of 12 and o.
12
Let y be (-4 - -2)*(-9)/(-2). Let o(g) = -71*g + 31*g + 15 + 39*g. Let b be o(y). What is the highest common divisor of 36 and b?
12
Let o be (19 - 21)*(-688 - 1). What is the highest common divisor of 26 and o?
26
Suppose 0 = -27*x + 58*x - 9765. What is the highest common divisor of x and 63?
63
Let y(l) be the third derivative of l**5/60 + l**4/4 + 11*l**3/6 - 2*l**2. Let i be y(-7). What is the highest common divisor of 45 and i?
9
Let u(h) = 11*h**2 + 9*h - 26. Let i be u(5). Calculate the highest common divisor of i and 49.
49
Let f(q) = 16*q - 13*q - 8*q. Let u be f(-19). What is the highest common divisor of 38 and u?
19
Let l be 2438/4 - 8/(-16)*-1. Calculate the greatest common divisor of l and 174.
87
Let l be 42/10 - 3/15. Suppose -5*h + 238 = 18. Let a be 0 + (-16)/4 + h. What is the highest common factor of a and l?
4
Let y = -64 + 142. Let h = -67 + y. Let d = -71 + 104. What is the greatest common factor of h and d?
11
Suppose -5*k - 387 = -9*k + 5*m, -m - 98 = -k. Calculate the highest common divisor of k and 1751.
103
Let v(t) = 4*t - 8. Let l be v(9). Suppose 5*w - w + 4*z = 208, 3*w - z - 172 = 0. What is the greatest common factor of l and w?
28
Let f be -3 + (2 - -2) + -3 - -162. Calculate the greatest common factor of 32 and f.
32
Let r be (36/(-27) - (-15)/18)*-434. Calculate the highest common factor of r and 31.
31
Let w = 28 + -17. Let p(n) = 45*n**3 - 2*n**2 + 1. Let y be p(1). Suppose y = 4*h - 5*b, h - b + 11 = 2*h. What is the greatest common factor of w and h?
11
Let q(h) = -h. Let u(s) = 2*s + 2. Let y(i) = 5*q(i) + u(i). Let g be y(-6). What is the greatest common divisor of g and 40?
20
Let l be -2 + (12 - -4)/4. Let i be 5 + l - 4 - -3. Suppose -4*n = 4*o - 48, n - 21 = 2*o - 6*o. What is the greatest common divisor of i and n?
3
Let a(j) = -2*j - 22. Let w be a(-18). Let t be (-58)/(-8) + 2/(-8). Calculate the greatest common factor of w and t.
7
Suppose 4*s = -2*x, 4*x - 7*s + 39 = -2*s. Let n be x/9*(-594)/4. Let z(m) = -3*m - 1. Let j be z(-4). What is the highest common factor of n and j?
11
Let u(d) = 7*d - 211. Let m be u(31). Calculate the greatest common divisor of m and 1698.
6
Suppose -4*g + 208 = -528. Suppose 2 = -z + 5. Suppose z*a = -7 + 76. Calculate the highest common divisor of g and a.
23
Let l(i) = i**3 + 14*i**2 - 2*i - 18. Let a be l(-14). What is the greatest common factor of a and 45?
5
Let j = 76 + -6. Calculate the highest common factor of 20 and j.
10
Let j(i) = 11*i + 27. Let b be j(6). Let s = b + -89. Calculate the highest common factor of 4 and s.
4
Suppose -3*y = -1 - 23. Suppose 124 = 4*p + 2*v, -p - 5*v + 13 = -9. Let j be ((-2)/(-4))/(1/p). What is the highest common factor of y and j?
8
Let x be 14/(-63) + 11/9. Let f be 6*x/4*2 + 17. What is the highest common divisor of 40 and f?
20
Let d(j) be the third derivative of j**5/60 + 5*j**4/12 + 19*j**3/6 + 3*j**2. Let t be d(-8). What is the greatest common divisor of 3 and t?
3
Suppose 10*m + 5*a + 80 = 5*m, -5*m - 89 = 2*a. Let h = 30 + m. Calculate the greatest common divisor of 33 and h.
11
Let o(z) = -z. Let h(q) = 14*q - 39. Let i(r) = h(r) - 5*o(r). Let t be i(4). What is the highest common divisor of 296 and t?
37
Suppose 63 = 7*n - 0. Suppose 4*r - 1 = 23. Calculate the highest common divisor of n and r.
3
Let b = 49 + 42. What is the greatest common divisor of 7 and b?
7
Suppose -5*d + 929 = v, 3*v + 654 + 93 = 4*d. Let g = d - 130. Let w = 217 + -203. What is the highest common factor of g and w?
14
Let a = -39 + 41. Calculate the highest common divisor of 62 and a.
2
Let d be (-220)/(-132) + 1 + 4/(-6). Suppose -11 - 45 = -d*f. What is the highest common factor of 56 and f?
28
Let k = -1882 + 2662. What is the greatest common factor of 24 and k?
12
Let r(k) = -k - 10. Let v be r(-14). Let h(t) = t**3 + 12*t**2 + 14*t + 41. Let z be h(-11). What is the highest common factor of z and v?
4
Let x be 444/(-20) - ((-8)/(-10) - 1). Let h be 4/x - 171/(-33). What is the highest common divisor of h and 10?
5
Suppose -3*x + 45 = 33. Suppose 0 = 2*k + 5*s - 29, -k + s - 2 = 1. Calculate the greatest common divisor of k and x.
2
Suppose 1840 = 45*y - 37*y. Calculate the greatest common divisor of y and 92.
46
Suppose 8*g = 4*g + 12, 582 = 4*r - 2*g. What is the highest common factor of 98 and r?
49
Suppose -r - 11*b = -12*b - 127, 251 = 2*r + b. Calculate the highest common divisor of r and 14.
14
Suppose 4*l = -2*d + 342, -2*l + 204 = -4*d + 38. Let a(v) = -v**2 - 32*v + 87. Let i be a(-36). Let p = l + i. Calculate the greatest common factor of p and 7.
7
Let a be (-1 - 5/(-4)) + (-33450)/(-120). What is the greatest common factor of 9 and a?
9
Let n be 1/(-2)*(1 + -3). Let l = n + 0. Let w be l/(-1)*-2 - -5. Calculate the greatest common divisor of 49 and w.
7
Suppose 217*l - 175*l = 149100. What is the highest common factor of 50 and l?
50
Let f(a) = 3*a**3 - 7*a**2 + 8*a - 4. Let q be f(-11). Let i be (-2)/(-11) - q/99. Calculate the highest common divisor of i and 20.
10
Let a(p) = 14*p - 38. Let o be a(4). Calculate the highest common divisor of o and 198.
18
Suppose 2*d + 29*d - 868 = 0. Calculate the greatest common divisor of d and 56.
28
Let x be (-86)/(4/4 + 1). Let u = x - -68. Calculate the highest common divisor of u and 25.
25
Suppose 174*f - 236*f + 41168 = 0. What is the highest common factor of 24 and f?
8
Let c = -10 - 14. Let w = c + 40. Calculate the highest common divisor of w and 40.
8
Suppose -4*z = -2*z - 6, -z + 27 = 2*a. Calculate the highest common divisor of a and 132.
12
Let y = 103 - 54. Let h = -21 + y. Suppose -4*b + h = -0*b + 2*g, -4*g = -2*b + 34. Calculat